= -35 - -49. What is the remainder when v is divided by d(1)?
6
Let s be (10/(-4))/(-5)*0. Suppose 2*n = -3*a + 15, -a = -s*n + n - 6. Let v(p) = 3*p**2 - 1. Calculate the remainder when a is divided by v(1).
1
Let u(n) = -2*n - 6. Let x be u(-5). Calculate the remainder when 132/(-15)*(-5 + 0) is divided by 9*x/(12/5).
14
Let z(v) = v**3 + 10*v**2 - v - 4. Calculate the remainder when 21 is divided by z(-10).
3
Suppose 2*w = 5*w. Suppose w = 5*v - 46 - 49. Calculate the remainder when v is divided by 7.
5
Let v be 1 + -3 - (12 - 18). Suppose -x = v, u - 40 = x - 0*x. Calculate the remainder when u is divided by 13.
10
Suppose 0 = -3*p - b + 305, p + 2*b - 5*b = 85. What is the remainder when p is divided by 26?
22
Suppose -4*h + r - 33 = 0, -r = h - 2*h - 6. Let w be 41*-3*(-3)/h. Let x = -16 - w. What is the remainder when 48 is divided by x?
23
Suppose -86 = -2*a + 50. Calculate the remainder when a is divided by 14.
12
Let x be 0/(3 - (0 - -2)). Let u be x/(-1 - 0) - -94. Suppose u - 9 = 5*y. What is the remainder when y is divided by 9?
8
Let r(k) = -4*k**2 - 1 - 3*k**3 + 3 + 2*k**2 + 3*k + 2*k**3. Calculate the remainder when r(-3) is divided by 1.
0
Let i(g) = -g**2 + 2*g + 1. Let l be i(-1). What is the remainder when (l - -4)*415/10 is divided by 17?
15
Suppose -n + 7 = -5*y - 6, -5*n + 23 = -4*y. What is the remainder when y*(2 - 1) - -42 is divided by 21?
19
Let q(h) = 2*h**2 - 1. What is the remainder when 50 is divided by q(-3)?
16
Suppose -5*i + 122 - 77 = 0. What is the remainder when i is divided by 7?
2
Let b(v) = -2*v + 29. What is the remainder when 16 is divided by b(10)?
7
Suppose 0 = 5*y - 134 + 54. Let h(o) = 5*o**2 - 3*o**2 - o**2 - 1 - 9*o**3. What is the remainder when y is divided by h(-1)?
7
Let v = 33 - -8. What is the remainder when 163 is divided by v?
40
Let c = -12 + 18. Calculate the remainder when 22 is divided by c.
4
Let o = -6 + 6. Let f(a) = a**2 + 3. What is the remainder when 7 is divided by f(o)?
1
Let f be (-1)/(-1) + (-3 - 7). Let z = f + 3. Let a = z + 19. Calculate the remainder when 37 is divided by a.
11
Let d = 17 + -8. Calculate the remainder when (-1 - 1*-25) + 2 is divided by d.
8
Let u(o) = o**3 - 5*o**2 - 2. Let f be u(5). Suppose 9*t = 3*s + 4*t - 2, s = t + 2. Calculate the remainder when s is divided by (-3)/(-1) - 2 - f.
1
Let p = 5 - 2. Let z = -3 + 7. Calculate the remainder when z is divided by p.
1
Let r(c) = c**3 - 17*c**2 + 16*c + 12. What is the remainder when r(16) is divided by 5?
2
Suppose -p + 10 = -2*v + p, 5*v + 22 = 4*p. Let i(y) = -2*y**3 - y**2 + 2*y - 1. What is the remainder when 32 is divided by i(v)?
4
Let b(w) = w + 2. Let l be b(0). Let v = l - -27. Suppose 2*c = -c - 2*u + 24, -3*u - 29 = -2*c. Calculate the remainder when v is divided by c.
9
Let y(x) = -x + 32. Let n be y(0). Suppose -n = -r - r. What is the remainder when 46 is divided by r?
14
Let h = 80 - 65. What is the remainder when 28 is divided by h?
13
Let c be ((-120)/(-10))/((-6)/20). Calculate the remainder when 23 is divided by 4/(-12) + c/(-3).
10
Suppose 2*j + 18 = 4*j. Let n = 8 - 4. Suppose 0*d - n*d - 5 = -f, 0 = -5*f - d + 25. Calculate the remainder when j is divided by f.
4
Suppose -2*m = -3*s + s - 44, 0 = 3*m - 5*s - 56. Calculate the remainder when m is divided by 15.
12
Suppose 715 = -0*s + 5*s - 5*l, -3*s - 3*l = -399. What is the remainder when s is divided by 47?
44
Let q(m) = 14*m**2 - 6*m - 13. Suppose 5*k - 24 = 116. Calculate the remainder when q(-2) is divided by k.
27
Suppose c = -2*r + 7*r - 25, -5*r - c = -35. What is the remainder when 7 is divided by r?
1
Suppose -g + 31 = 2*l, -3*l + 4 = -g + 10. What is the remainder when 81 is divided by g?
18
Let f be (-1)/3 + 110/6. Let v = -11 + f. What is the remainder when ((39 + -1)/1)/2 is divided by v?
5
Let v(s) = 4*s + 2. Let w(k) = 6*k - 3. Let u(l) = -13*l + 6. Let a(q) = 2*u(q) + 5*w(q). Calculate the remainder when a(8) is divided by v(2).
9
Let k(r) = -r - 3. Let z(p) = -p**2 + 5. Let c be z(-4). What is the remainder when k(c) is divided by 3?
2
Calculate the remainder when 45 is divided by (-8*1/1)/((-20)/40).
13
Suppose -2*i - 26 = 5*b - 79, 3*i = -2*b + 19. What is the remainder when 31 is divided by b?
9
Suppose -4*p + 27 = -3*q, -p = -2*p + 4*q - 3. Calculate the remainder when p is divided by 4.
1
Suppose 5*k = -7 - 3, -2*b - 3*k - 2 = 0. What is the remainder when 2 is divided by b?
0
Let v(n) = 4*n**2 + 3*n + 3. Suppose -3 = r - 0. What is the remainder when v(r) is divided by 11?
8
Suppose 0 = -5*x - a + 16 + 10, -5*x - 2*a + 27 = 0. What is the remainder when 3/(3/16) - -1 is divided by x?
2
Suppose -m + g = -3, 12 = -m + 3*m + 4*g. Suppose -14 = m*p - 178. Calculate the remainder when p is divided by 11.
8
Let y(t) = -t**2 + 1 + 0 - 3 + 5*t. Suppose -x = -j + 1, 0 = 4*x - 2*j - 6 + 2. Calculate the remainder when y(3) is divided by x.
1
Let j be 3/(-6)*(1 + -9). Suppose 2*u = 3*s - 78, 68 = 2*s - j*u + 8. Calculate the remainder when (10 - 8)*(-2)/(-2)*23 is divided by s.
22
Suppose -3*k + 20 = 2*n, 5*k + 0*n = -3*n + 34. What is the remainder when 29 - (1 + (0 - 2)) is divided by k?
6
Let d(z) = z**2 - 19*z + 8. Suppose -c = 2*c - 78. Calculate the remainder when d(21) is divided by c.
24
Suppose -2*n + 3*n - 7 = 0. Let b(g) = 4*g - 2. Let u(w) = -4*w + 1. Let v(q) = 5*b(q) + 4*u(q). What is the remainder when 65 is divided by v(n)?
21
Let z = 90 - 39. Suppose -3*k - 2*k + 65 = 0. Calculate the remainder when z is divided by k.
12
Suppose -6*z - 4*w = -z - 9, 5*z = 3*w + 37. Suppose c - 5 = 0, 2*q - 6 - 2 = 4*c. What is the remainder when q is divided by z?
4
Let d = -53 + 57. What is the remainder when 46 is divided by d?
2
Let m = -5 - -5. Suppose m = 2*d + d - 57. Calculate the remainder when 55 is divided by d.
17
Let i(c) = 5*c + 4. Let q = -2 - -7. Suppose -5*g + 56 = 2*d - 11, 3*g - q*d - 34 = 0. Calculate the remainder when i(4) is divided by g.
11
Let h = -33 + 40. What is the remainder when h is divided by 4?
3
Suppose k - 24 = -o, -2*o = 3*k - 51 - 22. Suppose 2*s - 34 = -6*l + 4*l, 3*l - 77 = -5*s. Calculate the remainder when k is divided by s.
12
Suppose 4*m - 36 = 376. Let j be -2 - m/(-2)*2. Suppose 0 = -3*t + 40 + j. What is the remainder when t is divided by 16?
15
Suppose -2*c = -3*b - 28, -5*c = -0*c - 3*b - 52. What is the remainder when c is divided by (-2)/(-1) + (1 - -2)?
3
Suppose -3*d = -6*d + 57. What is the remainder when 52 is divided by d?
14
Suppose 5*v = v + 4, -z + v = -4. Suppose 4 = o - 1. Suppose 13 = o*i - 52. Calculate the remainder when i is divided by z.
3
Suppose 156 = 3*q - 96. Suppose -5*t + q = 3*g - 7*g, 0 = 3*t + 4*g - 44. What is the remainder when 62 is divided by t?
14
Let g(a) = 4*a**3 + 1. Suppose -4*z + 4*l + 4 = 0, 2*l + l = -2*z + 17. What is the remainder when g(1) is divided by z?
1
Let w be ((-4)/(-10))/((-1)/(-10)). Suppose -w*c = 5*k - 41, c - k - 5 = 3. What is the remainder when 25 is divided by c?
7
Let l be (-20)/6 - (-2)/(-3). Suppose -37 = -5*j + 13. What is the remainder when 28 is divided by j/(-2*2/l)?
8
Calculate the remainder when 26 is divided by 2/8 - (-385)/28.
12
Suppose -4*x + 3 + 96 = 3*n, -2*n - 11 = -x. What is the remainder when x is divided by 8?
5
Suppose 2*k + x = 14, -3*x + 11 = -1. Suppose 2*b - 121 = -4*w + 3*b, k*b = -25. What is the remainder when w is divided by 8?
5
What is the remainder when 6/(-2) + 169 + -6 is divided by 41?
37
Suppose -4*n - 7 = 2*s + 3*s, 2*n - 2*s = 10. What is the remainder when ((3 - n) + 229)/2 is divided by 29?
28
Let g = 30 + 3. Let a = 1 + g. Suppose -4*u + 2*b = -a, -3*u + 5*u = 3*b + 7. What is the remainder when 31 is divided by u?
9
Let f = 35 - 20. Let a be (-1 - 6) + 0 + 0. Let v = f + a. What is the remainder when v is divided by 3?
2
Suppose -109 = -4*v - 33. What is the remainder when 42/((-5)/30*(-18)/4) is divided by v?
18
Suppose -5 = 4*z - p - 58, 4*z = 5*p + 57. What is the remainder when 37 is divided by z?
11
Let x(s) = 7*s - 7. Let g(d) = 2*d + 62. What is the remainder when x(5) is divided by g(-23)?
12
What is the remainder when ((-4)/(-6))/((-6)/(-927)) is divided by 26?
25
Let f = 40 + 36. Suppose 0*b + 3*b + 5*h - f = 0, 3*b = 2*h + 41. Suppose 4*t = -4, -r - 23 = -4*r